{"version":"1.0","provider_name":"Historia Intelectual","provider_url":"https:\/\/historiaintelectual.com.ar\/eng","author_name":"Comunicacion y Redes CHI","author_url":"https:\/\/historiaintelectual.com.ar\/eng\/author\/comunicacion\/","title":"Premios Konex 2026 en Humanidades &#187; Historia Intelectual","type":"rich","width":600,"height":338,"html":"<blockquote class=\"wp-embedded-content\" data-secret=\"WAuJxhxwcM\"><a href=\"https:\/\/historiaintelectual.com.ar\/eng\/premios-konex-2026-en-humanidades\/\">Premios Konex 2026 en Humanidades<\/a><\/blockquote><iframe sandbox=\"allow-scripts\" security=\"restricted\" src=\"https:\/\/historiaintelectual.com.ar\/eng\/premios-konex-2026-en-humanidades\/embed\/#?secret=WAuJxhxwcM\" width=\"600\" height=\"338\" title=\"&#8220;Premios Konex 2026 en Humanidades&#8221; &#8212; Historia Intelectual\" data-secret=\"WAuJxhxwcM\" frameborder=\"0\" marginwidth=\"0\" marginheight=\"0\" scrolling=\"no\" class=\"wp-embedded-content\"><\/iframe><script>\n\/*! This file is auto-generated *\/\n!function(d,l){\"use strict\";l.querySelector&&d.addEventListener&&\"undefined\"!=typeof URL&&(d.wp=d.wp||{},d.wp.receiveEmbedMessage||(d.wp.receiveEmbedMessage=function(e){var t=e.data;if((t||t.secret||t.message||t.value)&&!\/[^a-zA-Z0-9]\/.test(t.secret)){for(var s,r,n,a=l.querySelectorAll('iframe[data-secret=\"'+t.secret+'\"]'),o=l.querySelectorAll('blockquote[data-secret=\"'+t.secret+'\"]'),c=new RegExp(\"^https?:$\",\"i\"),i=0;i<o.length;i++)o[i].style.display=\"none\";for(i=0;i<a.length;i++)s=a[i],e.source===s.contentWindow&&(s.removeAttribute(\"style\"),\"height\"===t.message?(1e3<(r=parseInt(t.value,10))?r=1e3:~~r<200&&(r=200),s.height=r):\"link\"===t.message&&(r=new URL(s.getAttribute(\"src\")),n=new URL(t.value),c.test(n.protocol))&&n.host===r.host&&l.activeElement===s&&(d.top.location.href=t.value))}},d.addEventListener(\"message\",d.wp.receiveEmbedMessage,!1),l.addEventListener(\"DOMContentLoaded\",function(){for(var e,t,s=l.querySelectorAll(\"iframe.wp-embedded-content\"),r=0;r<s.length;r++)(t=(e=s[r]).getAttribute(\"data-secret\"))||(t=Math.random().toString(36).substring(2,12),e.src+=\"#?secret=\"+t,e.setAttribute(\"data-secret\",t)),e.contentWindow.postMessage({message:\"ready\",secret:t},\"*\")},!1)))}(window,document);\n\/\/# sourceURL=https:\/\/historiaintelectual.com.ar\/wp-includes\/js\/wp-embed.min.js\n<\/script>","thumbnail_url":"https:\/\/historiaintelectual.com.ar\/wp-content\/uploads\/2026\/04\/konex.png","thumbnail_width":398,"thumbnail_height":272,"description":"Los investigadores Adri\u00e1n Gorelik, El\u00edas Palti y Roy Hora, integrantes del Centro de Historia Intelectual, fueron distinguidos con los Diplomas al M\u00e9rito de los Premios Konex 2026 en Humanidades, uno de los reconocimientos culturales m\u00e1s importantes de la Argentina."}

Los investigadores Adrián Gorelik, Elías Palti y Roy Hora, integrantes del Centro de Historia Intelectual, fueron distinguidos con los Diplomas al Mérito de los Premios Konex 2026 en Humanidades, uno de los reconocimientos culturales más importantes de la Argentina.
