{"version":"1.0","provider_name":"Historia Intelectual","provider_url":"https:\/\/historiaintelectual.com.ar\/eng","author_name":"admin","author_url":"https:\/\/historiaintelectual.com.ar\/eng\/author\/admin\/","title":"Investigadores-as &#187; Historia Intelectual","type":"rich","width":600,"height":338,"html":"<blockquote class=\"wp-embedded-content\" data-secret=\"jEs1NFP0W9\"><a href=\"https:\/\/historiaintelectual.com.ar\/eng\/investigadores-as\/\">Investigadores-as<\/a><\/blockquote><iframe sandbox=\"allow-scripts\" security=\"restricted\" src=\"https:\/\/historiaintelectual.com.ar\/eng\/investigadores-as\/embed\/#?secret=jEs1NFP0W9\" width=\"600\" height=\"338\" title=\"&#8220;Investigadores-as&#8221; &#8212; Historia Intelectual\" data-secret=\"jEs1NFP0W9\" frameborder=\"0\" marginwidth=\"0\" marginheight=\"0\" scrolling=\"no\" class=\"wp-embedded-content\"><\/iframe><script>\n\/*! This file is auto-generated *\/\n!function(d,l){\"use strict\";l.querySelector&&d.addEventListener&&\"undefined\"!=typeof URL&&(d.wp=d.wp||{},d.wp.receiveEmbedMessage||(d.wp.receiveEmbedMessage=function(e){var t=e.data;if((t||t.secret||t.message||t.value)&&!\/[^a-zA-Z0-9]\/.test(t.secret)){for(var s,r,n,a=l.querySelectorAll('iframe[data-secret=\"'+t.secret+'\"]'),o=l.querySelectorAll('blockquote[data-secret=\"'+t.secret+'\"]'),c=new RegExp(\"^https?:$\",\"i\"),i=0;i<o.length;i++)o[i].style.display=\"none\";for(i=0;i<a.length;i++)s=a[i],e.source===s.contentWindow&&(s.removeAttribute(\"style\"),\"height\"===t.message?(1e3<(r=parseInt(t.value,10))?r=1e3:~~r<200&&(r=200),s.height=r):\"link\"===t.message&&(r=new URL(s.getAttribute(\"src\")),n=new URL(t.value),c.test(n.protocol))&&n.host===r.host&&l.activeElement===s&&(d.top.location.href=t.value))}},d.addEventListener(\"message\",d.wp.receiveEmbedMessage,!1),l.addEventListener(\"DOMContentLoaded\",function(){for(var e,t,s=l.querySelectorAll(\"iframe.wp-embedded-content\"),r=0;r<s.length;r++)(t=(e=s[r]).getAttribute(\"data-secret\"))||(t=Math.random().toString(36).substring(2,12),e.src+=\"#?secret=\"+t,e.setAttribute(\"data-secret\",t)),e.contentWindow.postMessage({message:\"ready\",secret:t},\"*\")},!1)))}(window,document);\n\/\/# sourceURL=https:\/\/historiaintelectual.com.ar\/wp-includes\/js\/wp-embed.min.js\n<\/script>","description":"Investigadores\/as Carlos Altamirano Sebasti\u00e1n Carassai Flavia Fiorucci Roy Hora El\u00edas Palti Cecilia Tossounian Anah\u00ed Ballent Laura Ehrlich Martina Gartegaray Ana Luc\u00eda Magrini Laura Prado Acosta Dhan Zunino Singh Mart\u00edn Bergel Gabriel Entin Facundo G\u00f3mez Ricardo Mart\u00ednez Mazzola Santiago M. Roggerone Alejandro Blanco Ximena Espeche Adri\u00e1n Gorelik Jorge Myers Mariana Rosetti Tesistas de doctorado Silvina Cormick [&hellip;]","thumbnail_url":"https:\/\/historiaintelectual.com.ar\/wp-content\/uploads\/2025\/04\/Asset-23.png","thumbnail_width":251,"thumbnail_height":252}

Investigadores/as Carlos Altamirano Sebastián Carassai Flavia Fiorucci Roy Hora Elías Palti Cecilia Tossounian Anahí Ballent Laura Ehrlich Martina Gartegaray Ana Lucía Magrini Laura Prado Acosta Dhan Zunino Singh Martín Bergel Gabriel Entin Facundo Gómez Ricardo Martínez Mazzola Santiago M. Roggerone Alejandro Blanco Ximena Espeche Adrián Gorelik Jorge Myers Mariana Rosetti Tesistas de doctorado Silvina Cormick [&hellip;]
